{"id":10726,"date":"2014-10-04T23:03:46","date_gmt":"2014-10-04T23:03:46","guid":{"rendered":"https:\/\/espacodosol.com\/blog\/blog\/?page_id=10726"},"modified":"2014-10-04T23:03:46","modified_gmt":"2014-10-04T23:03:46","slug":"cromoterapia-2","status":"publish","type":"page","link":"https:\/\/espacodosol.com\/blog\/index.php\/cromoterapia-2\/","title":{"rendered":"Cromoterapia"},"content":{"rendered":"<div align=\"justify\"><img loading=\"lazy\" decoding=\"async\" class=\"\" src=\"https:\/\/espacodosol.com\/blog\/crbst_mandala1.jpg?v=26v9ps4ku3ebavp\" alt=\"\" width=\"400\" height=\"299\" \/><\/div>\n<div align=\"justify\">O termo \u201cCROMOTERAPIA\u201d vem do grego, Kromos = cor e Terapheia= terapia, tratamento usando as cores procurando alcan\u00e7ar todos os n\u00edveis do ser humano. Ou seja, ( os corpos: F\u00edsico, energ\u00e9tico, emocional, mental e espiritual).<\/div>\n<div><\/div>\n<div align=\"justify\">Pode-se definir Cromoterapia como um sistema hol\u00edstico de medicina natural, que usa as cores por meios externos e internos para equilibrar.<\/div>\n<div><\/div>\n<div align=\"justify\">A mente, as emo\u00e7\u00f5es, a parte energ\u00e9tica e o organismo f\u00edsico, prevenindo e corrigindo disfun\u00e7\u00f5es, al\u00e9m de despertar e desenvolver capacidades pessoais.<\/div>\n<div><\/div>\n<div align=\"justify\">&#8220;A cromoterapia n\u00e3o trata apenas os sintomas, mas age tamb\u00e9m e principalmente nas causas energ\u00e9ticas, emocionais e mentais\u201d<\/div>\n<div align=\"justify\"><\/div>\n<h3 align=\"justify\">Cores<\/h3>\n<div align=\"justify\"><img loading=\"lazy\" decoding=\"async\" class=\"\" src=\"https:\/\/espacodosol.com\/blog\/Aura_Cores.jpg?v=2yseoo4v0nqdgs4\" alt=\"\" width=\"342\" height=\"514\" \/><\/div>\n<div align=\"justify\">Princ\u00edpios b\u00e1sicos da Cromoterapia<\/div>\n<div><\/div>\n<div align=\"justify\">A Cor \u00e9 apenas outra forma de comprimento de onda. N\u00e3o devemos desprezar nenhuma forma de comprimento de onda, pois diversas formas geram o telefone, o r\u00e1dio, a televis\u00e3o, o radar, o raio laser e muitos outros prod\u00edgios.<\/div>\n<div><\/div>\n<div align=\"justify\">A cor apresenta comprimentos de onda poss\u00edveis de afetar o tecido vivo.<\/div>\n<div><\/div>\n<div align=\"justify\">A mente pode afetar o corpo, e os pensamentos tem condi\u00e7\u00f5es de se tornarem concretos. A mente \u00e9 o autor da fa\u00e7anha.<\/div>\n<div><\/div>\n<div align=\"justify\">Os pensamentos t\u00eam vibra\u00e7\u00f5es \u2013 D\u00e9beis ou robustas boas ou m\u00e1s, a depender de quem os controla; e desde que apresentados de modo adequado ao corpo et\u00e9rico, eles tem condi\u00e7\u00f5es de influenciar nos termos de sua formula\u00e7\u00e3o os corpos: f\u00edsico e et\u00e9rico.<\/div>\n<div><\/div>\n<div align=\"justify\">Somos a soma total daquilo que pensamos, seja h\u00e1 horas ou h\u00e1 anos, segundo o modo como cada qual influ\u00eancia o seu corpo et\u00e9rico em algum momento presente.<\/div>\n<div><\/div>\n<div align=\"justify\">Como o pensamento tem vibra\u00e7\u00e3o, devemos pensar o que queremos, bem como visualiz\u00e1-lo com vigor.<\/div>\n<div><\/div>\n<div align=\"justify\">Como a cor tamb\u00e9m \u00e9 vibrat\u00f3ria e tem condi\u00e7\u00f5es de afetar o tecido vivo, podemos adicionar cor ao pensamento para alcan\u00e7ar resultados ainda melhores.<\/div>\n<div><\/div>\n<div align=\"justify\">O m\u00e9todo tem precis\u00e3o e \u00e9 eficaz desde que voc\u00ea aplique com autodisciplina requerida.<\/div>\n<div><\/div>\n<div align=\"justify\">Quanto ao efeito que produzem, as cores classificam-se em:<\/div>\n<div><\/div>\n<div align=\"justify\">\u2022Quentes: Vermelho, laranja e amarelo.<\/div>\n<div><\/div>\n<div align=\"justify\">\u2022Frias: De efeito calmante = Azul, \u00edndigo e violeta.<\/div>\n<div><\/div>\n<div align=\"justify\">\u2022Equilibrante: De efeito harmonizador = Verde.<\/div>\n<div align=\"justify\"><\/div>\n<div align=\"justify\">\n<h3 align=\"justify\">Energia Solar<\/h3>\n<div><img loading=\"lazy\" decoding=\"async\" class=\"\" src=\"https:\/\/espacodosol.com\/blog\/sol-da-central-do-carnaval.jpg?v=6e21lc1tvlcc7d\" alt=\"\" width=\"350\" height=\"403\" \/><\/div>\n<div align=\"justify\">A energia solar e a \u00e1gua energizada como terapia<\/div>\n<div><\/div>\n<div align=\"justify\">A Energia Solar e a \u00c1gua Energizada s\u00e3o recursos que usamos na Cromoterapia, para refor\u00e7ar alguns tratamentos feitos, diretamente, ao paciente, quando relacionamos o seu estado, com a impossibilidade de atender a uma const\u00e2ncia e continuidade, na terapia que estamos realizando.<\/div>\n<div><\/div>\n<div align=\"justify\">O Sol \u00e9 a pr\u00f3pria vida deste nosso Planeta. Tudo que por aqui existe, \u00e9 em fun\u00e7\u00e3o da sua imensa energia irradiante. Provavelmente, todos sabem disto. S\u00f3 n\u00e3o sabemos que o Sol \u00e9, na verdade, o grande m\u00e9dico da Humanidade. Somos feito de uma das suas energias, a chamada magn\u00e9tica.<\/div>\n<div><\/div>\n<div align=\"justify\">Devido ao est\u00e1gio evolutivo\/conscencial em que nos encontramos, realmente, ainda n\u00e3o temos uma no\u00e7\u00e3o definida da rela\u00e7\u00e3o do Sol com o Ser Humano, no sentido lacto da vida, em n\u00edvel de aproveitamento energ\u00e9tico.<\/div>\n<div><\/div>\n<div align=\"justify\">Na sa\u00fade humana, quase nada est\u00e1 feito e, \u00e9 nesta dire\u00e7\u00e3o que estamos tentando caminhar. Hoje, j\u00e1 existe uma clara vis\u00e3o: chegar\u00e1 o tempo em que o Ser Humano, para manter-se integralizado, apenas completar\u00e1 suas energias solares, como recurso natural terap\u00eautico ou n\u00e3o como se fosse uma bateria.<\/div>\n<div><\/div>\n<div align=\"justify\">A energia solar \u00e9 um dos componentes que encontramos e absorvemos de certa forma, atrav\u00e9s dos pr\u00f3prios alimentos, mas n\u00e3o o suficiente. H\u00e1, justamente, a necessidade que a maioria dos sistemas alimentares tem de uma complementar\u00e3o dessas energias, o que iremos perceber, a partir de uma determinada circunst\u00e2ncia daquele equil\u00edbrio f\u00edsico\/org\u00e2nico\/energ\u00e9tico, que chamamos de sa\u00fade.<\/div>\n<div><\/div>\n<div align=\"justify\">Como s\u00e3o distribu\u00eddos e onde se localizam os campos coloridos na massa f\u00edsica e que fun\u00e7\u00f5es essas energias luminosas tem na estrutura? \u00c9 o que vamos ver agora, a come\u00e7ar pela cor azul por sua predomin\u00e2ncia no conjunto.<\/div>\n<\/div>\n<div class='epvc-post-count'><span class='epvc-eye'><\/span>  <span class=\"epvc-count\"> 9.824<\/span><span class='epvc-label'> Views<\/span><\/div>","protected":false},"excerpt":{"rendered":"<p>O termo \u201cCROMOTERAPIA\u201d vem do grego, Kromos = cor e Terapheia= terapia, tratamento usando as cores procurando alcan\u00e7ar todos os n\u00edveis do ser humano. Ou seja, ( os corpos: F\u00edsico, energ\u00e9tico, emocional, mental e espiritual). Pode-se definir Cromoterapia como um sistema hol\u00edstico de medicina natural, que usa as cores por meios externos e internos para [&hellip;]<\/p>\n","protected":false},"author":1,"featured_media":0,"parent":0,"menu_order":0,"comment_status":"open","ping_status":"open","template":"","meta":{"footnotes":""},"class_list":["post-10726","page","type-page","status-publish","hentry"],"amp_enabled":true,"_links":{"self":[{"href":"https:\/\/espacodosol.com\/blog\/index.php\/wp-json\/wp\/v2\/pages\/10726","targetHints":{"allow":["GET"]}}],"collection":[{"href":"https:\/\/espacodosol.com\/blog\/index.php\/wp-json\/wp\/v2\/pages"}],"about":[{"href":"https:\/\/espacodosol.com\/blog\/index.php\/wp-json\/wp\/v2\/types\/page"}],"author":[{"embeddable":true,"href":"https:\/\/espacodosol.com\/blog\/index.php\/wp-json\/wp\/v2\/users\/1"}],"replies":[{"embeddable":true,"href":"https:\/\/espacodosol.com\/blog\/index.php\/wp-json\/wp\/v2\/comments?post=10726"}],"version-history":[{"count":0,"href":"https:\/\/espacodosol.com\/blog\/index.php\/wp-json\/wp\/v2\/pages\/10726\/revisions"}],"wp:attachment":[{"href":"https:\/\/espacodosol.com\/blog\/index.php\/wp-json\/wp\/v2\/media?parent=10726"}],"curies":[{"name":"wp","href":"https:\/\/api.w.org\/{rel}","templated":true}]}}